386?
2
What is the tens digit of 545613?
1
What is the tens digit of 69883?
8
What is the millions digit of 11706237?
1
What is the hundreds digit of 67931?
9
What is the thousands digit of 241721?
1
What is the hundreds digit of 2124702?
7
What is the ten thousands digit of 154162?
5
What is the tens digit of 215424?
2
What is the tens digit of 164545?
4
What is the hundreds digit of 1065139?
1
What is the ten thousands digit of 1110522?
1
What is the hundred thousands digit of 15092442?
0
What is the tens digit of 1168914?
1
What is the hundreds digit of 518439?
4
What is the tens digit of 264825?
2
What is the thousands digit of 484504?
4
What is the millions digit of 17004190?
7
What is the tens digit of 7176718?
1
What is the hundred thousands digit of 418427?
4
What is the hundred thousands digit of 2102755?
1
What is the thousands digit of 2643?
2
What is the millions digit of 19045355?
9
What is the hundred thousands digit of 23100656?
1
What is the tens digit of 287558?
5
What is the tens digit of 3981139?
3
What is the units digit of 221769?
9
What is the tens digit of 1766522?
2
What is the millions digit of 2430209?
2
What is the ten thousands digit of 119296?
1
What is the units digit of 221757?
7
What is the units digit of 373136?
6
What is the hundred thousands digit of 560937?
5
What is the hundreds digit of 27461621?
6
What is the tens digit of 1080599?
9
What is the millions digit of 1541474?
1
What is the hundreds digit of 487484?
4
What is the hundreds digit of 7024993?
9
What is the hundred thousands digit of 3538489?
5
What is the tens digit of 2641969?
6
What is the hundreds digit of 3497625?
6
What is the hundreds digit of 4484898?
8
What is the hundred thousands digit of 6073460?
0
What is the thousands digit of 6975983?
5
What is the units digit of 78730?
0
What is the hundreds digit of 1435886?
8
What is the hundred thousands digit of 3604721?
6
What is the hundred thousands digit of 396301?
3
What is the ten thousands digit of 4729826?
2
What is the tens digit of 8369625?
2
What is the hundreds digit of 71645?
6
What is the thousands digit of 568745?
8
What is the hundred thousands digit of 9541814?
5
What is the units digit of 686846?
6
What is the thousands digit of 3582438?
2
What is the ten thousands digit of 235795?
3
What is the hundred thousands digit of 4291414?
2
What is the hundred thousands digit of 1523176?
5
What is the ten thousands digit of 1220911?
2
What is the millions digit of 13773430?
3
What is the millions digit of 34937546?
4
What is the ten thousands digit of 2151878?
5
What is the thousands digit of 36849?
6
What is the tens digit of 80695?
9
What is the hundreds digit of 889048?
0
What is the millions digit of 5223139?
5
What is the millions digit of 4000982?
4
What is the hundred thousands digit of 2711061?
7
What is the tens digit of 1047353?
5
What is the tens digit of 4188112?
1
What is the thousands digit of 760056?
0
What is the millions digit of 1055355?
1
What is the thousands digit of 9893875?
3
What is the ten thousands digit of 16860140?
6
What is the hundred thousands digit of 199965?
1
What is the millions digit of 18092192?
8
What is the tens digit of 7645033?
3
What is the units digit of 389861?
1
What is the hundreds digit of 362981?
9
What is the thousands digit of 10881807?
1
What is the thousands digit of 14395173?
5
What is the hundreds digit of 7162655?
6
What is the ten thousands digit of 73215?
7
What is the tens digit of 38337182?
8
What is the thousands digit of 4179512?
9
What is the hundred thousands digit of 13239053?
2
What is the ten thousands digit of 1150301?
5
What is the hundred thousands digit of 1943161?
9
What is the hundreds digit of 1892904?
9
What is the tens digit of 3104423?
2
What is the tens digit of 5916085?
8
What is the hundreds digit of 7008915?
9
What is the units digit of 401734?
4
What is the hundreds digit of 1462104?
1
What is the units digit of 12699?
9
What is the millions digit of 12913261?
2
What is the millions digit of 11464188?
1
What is the thousands digit of 7269?
7
What is the hundred thousands digit of 1035418?
0
What is the hundred thousands digit of 4900039?
9
What is the units digit of 40605?
5
What is the hundred thousands digit of 193925?
1
What is the thousands digit of 447265?
7
What is the millions digit of 5196703?
5
What is the units digit of 124751?
1
What is the tens digit of 2002177?
7
What is the hundreds digit of 107058?
0
What is the units digit of 2456?
6
What is the hundred thousands digit of 208956?
2
What is the units digit of 53411?
1
What is the ten thousands digit of 7727037?
2
What is the hundreds digit of 21769494?
4
What is the thousands digit of 15891?
5
What is the tens digit of 35911519?
1
What is the hundreds digit of 569325?
3
What is the hundred thousands digit of 1887288?
8
What is the tens digit of 100005?
0
What is the thousands digit of 440948?
0
What is the tens digit of 93451?
5
What is the hundreds digit of 11127151?
1
What is the tens digit of 286226?
2
What is the ten millions digit of 30677566?
3
What is the tens digit of 89227?
2
What is the hundred thousands digit of 139198?
1
What is the hundred thousands digit of 286362?
2
What is the thousands digit of 4467302?
7
What is the tens digit of 572670?
7
What is the ten thousands digit of 122103?
2
What is the units digit of 20163?
3
What is the hundreds digit of 5025510?
5
What is the tens digit of 128438?
3
What is the hundreds digit of 7944773?
7
What is the millions digit of 1278169?
1
What is the hundreds digit of 59995?
9
What is the hundreds digit of 4782908?
9
What is the tens digit of 282189?
8
What is the hundred thousands digit of 24561409?
5
What is the hundred thousands digit of 38284186?
2
What is the hundreds digit of 1324060?
0
What is the ten thousands digit of 15521062?
2
What is the ten thousands digit of 452958?
5
What is the ten thousands digit of 1103548?
0
What is the units digit of 386737?
7
What is the hundred thousands digit of 613440?
6
What is the hundreds digit of 523676?
6
What is the units digit of 321445?
5
What is the ten thousands digit of 8917323?
1
What is the tens digit of 2434419?
1
What is the thousands digit of 1085248?
5
What is the tens digit of 1334778?
7
What is the hundred thousands digit of 168458?
1
What is the ten thousands digit of 331761?
3
What is the thousands digit of 185591?
5
What is the hundreds digit of 14808298?
2
What is the hundreds digit of 94164?
1
What is the tens digit of 1515734?
3
What is the hundred thousands digit of 214894?
2
What is the hundred thousands digit of 2303984?
3
What is the tens digit of 14464979?
7
What is the ten thousands digit of 4455597?
5
What is the ten thousands digit of 663572?
6
What is the thousands digit of 215421?
5
What is the hundred thousands digit of 895342?
8
What is the units digit of 208028?
8
What is the hundred thousands digit of 8895377?
8
What is the hundred thousands digit of 7761834?
7
What is the thousands digit of 417166?
7
What is the millions digit of 4906297?
4
What is the hundred thousands digit of 2005796?
0
What is the thousands digit of 532712?
2
What is the ten thousands digit of 19333057?
3
What is the tens digit of 219882?
8
What is the units digit of 4040787?
7
What is the units digit of 4263967?
7
What is the ten thousands digit of 27548873?
4
What is the thousands digit of 166720?
6
What is the hundreds digit of 80083?
0
What is the thousands digit of 9607575?
7
What is the hundreds digit of 4643567?
5
What is the thousands digit of 288247?
8
What is the ten thousands digit of 926676?
2
What is the thousands digit of 1051290?
1
What is the hundred thousands digit of 1312683?
3
What is the hundreds digit of 23418315?
3
What is the thousands digit of 197432?
7
What is the thousands digit of 6692355?
2
What is the hundreds digit of 396987?
9
What is the thousands digit of 755303?
5
What is the hundred thousands digit of 6428613?
4
What is the ten thousands digit of 209841?
0
What is the thousands digit of 995354?
5
What is the thousands digit of 2143549?
3
What is the ten thousands digit of 106871?
0
What is the thousands digit of 6110314?
0
What is the units digit of 11219?
9
What is the hundred thousands digit of